

{"id":500,"date":"2024-05-20T12:26:20","date_gmt":"2024-05-20T10:26:20","guid":{"rendered":"https:\/\/sihambekhti-avocat.com\/?page_id=500"},"modified":"2024-06-26T12:36:18","modified_gmt":"2024-06-26T10:36:18","slug":"droit-du-travail","status":"publish","type":"page","link":"https:\/\/sihambekhti-avocat.com\/index.php\/droit-du-travail\/","title":{"rendered":"Droit du Travail"},"content":{"rendered":"\t\t<div data-elementor-type=\"wp-page\" data-elementor-id=\"500\" class=\"elementor elementor-500\">\n\t\t\t\t<div class=\"elementor-element elementor-element-24d08f6 e-flex e-con-boxed e-con e-parent\" data-id=\"24d08f6\" data-element_type=\"container\">\n\t\t\t\t\t<div class=\"e-con-inner\">\n\t\t<div class=\"elementor-element elementor-element-d769695 e-con-full e-flex e-con e-child\" data-id=\"d769695\" data-element_type=\"container\">\n\t\t\t\t<div class=\"elementor-element elementor-element-3005ec0 elementor-widget elementor-widget-image\" data-id=\"3005ec0\" data-element_type=\"widget\" data-widget_type=\"image.default\">\n\t\t\t\t<div class=\"elementor-widget-container\">\n\t\t\t<style>\/*! elementor - v3.21.0 - 08-05-2024 *\/\n.elementor-widget-image{text-align:center}.elementor-widget-image a{display:inline-block}.elementor-widget-image a img[src$=\".svg\"]{width:48px}.elementor-widget-image img{vertical-align:middle;display:inline-block}<\/style>\t\t\t\t\t\t\t\t\t\t<img fetchpriority=\"high\" decoding=\"async\" width=\"640\" height=\"960\" src=\"https:\/\/sihambekhti-avocat.com\/wp-content\/uploads\/2024\/06\/pexels-karolina-grabowska-5387261.jpg\" class=\"attachment-large size-large wp-image-908\" alt=\"\" srcset=\"https:\/\/sihambekhti-avocat.com\/wp-content\/uploads\/2024\/06\/pexels-karolina-grabowska-5387261.jpg 640w, https:\/\/sihambekhti-avocat.com\/wp-content\/uploads\/2024\/06\/pexels-karolina-grabowska-5387261-200x300.jpg 200w\" sizes=\"(max-width: 640px) 100vw, 640px\" \/>\t\t\t\t\t\t\t\t\t\t\t\t\t<\/div>\n\t\t\t\t<\/div>\n\t\t\t\t<\/div>\n\t\t<div class=\"elementor-element elementor-element-ddb6c45 e-con-full e-flex e-con e-child\" data-id=\"ddb6c45\" data-element_type=\"container\">\n\t\t\t\t<div class=\"elementor-element elementor-element-848cab3 elementor-widget elementor-widget-heading\" data-id=\"848cab3\" data-element_type=\"widget\" data-widget_type=\"heading.default\">\n\t\t\t\t<div class=\"elementor-widget-container\">\n\t\t\t<style>\/*! elementor - v3.21.0 - 08-05-2024 *\/\n.elementor-heading-title{padding:0;margin:0;line-height:1}.elementor-widget-heading .elementor-heading-title[class*=elementor-size-]>a{color:inherit;font-size:inherit;line-height:inherit}.elementor-widget-heading .elementor-heading-title.elementor-size-small{font-size:15px}.elementor-widget-heading .elementor-heading-title.elementor-size-medium{font-size:19px}.elementor-widget-heading .elementor-heading-title.elementor-size-large{font-size:29px}.elementor-widget-heading .elementor-heading-title.elementor-size-xl{font-size:39px}.elementor-widget-heading .elementor-heading-title.elementor-size-xxl{font-size:59px}<\/style><h2 class=\"elementor-heading-title elementor-size-default\">Droit du Travail\n<\/h2>\t\t<\/div>\n\t\t\t\t<\/div>\n\t\t\t\t<div class=\"elementor-element elementor-element-9935290 elementor-widget-divider--view-line elementor-widget elementor-widget-divider\" data-id=\"9935290\" data-element_type=\"widget\" data-widget_type=\"divider.default\">\n\t\t\t\t<div class=\"elementor-widget-container\">\n\t\t\t<style>\/*! elementor - v3.21.0 - 08-05-2024 *\/\n.elementor-widget-divider{--divider-border-style:none;--divider-border-width:1px;--divider-color:#0c0d0e;--divider-icon-size:20px;--divider-element-spacing:10px;--divider-pattern-height:24px;--divider-pattern-size:20px;--divider-pattern-url:none;--divider-pattern-repeat:repeat-x}.elementor-widget-divider .elementor-divider{display:flex}.elementor-widget-divider .elementor-divider__text{font-size:15px;line-height:1;max-width:95%}.elementor-widget-divider .elementor-divider__element{margin:0 var(--divider-element-spacing);flex-shrink:0}.elementor-widget-divider .elementor-icon{font-size:var(--divider-icon-size)}.elementor-widget-divider .elementor-divider-separator{display:flex;margin:0;direction:ltr}.elementor-widget-divider--view-line_icon .elementor-divider-separator,.elementor-widget-divider--view-line_text .elementor-divider-separator{align-items:center}.elementor-widget-divider--view-line_icon .elementor-divider-separator:after,.elementor-widget-divider--view-line_icon .elementor-divider-separator:before,.elementor-widget-divider--view-line_text .elementor-divider-separator:after,.elementor-widget-divider--view-line_text .elementor-divider-separator:before{display:block;content:\"\";border-block-end:0;flex-grow:1;border-block-start:var(--divider-border-width) var(--divider-border-style) var(--divider-color)}.elementor-widget-divider--element-align-left .elementor-divider .elementor-divider-separator>.elementor-divider__svg:first-of-type{flex-grow:0;flex-shrink:100}.elementor-widget-divider--element-align-left .elementor-divider-separator:before{content:none}.elementor-widget-divider--element-align-left .elementor-divider__element{margin-left:0}.elementor-widget-divider--element-align-right .elementor-divider .elementor-divider-separator>.elementor-divider__svg:last-of-type{flex-grow:0;flex-shrink:100}.elementor-widget-divider--element-align-right .elementor-divider-separator:after{content:none}.elementor-widget-divider--element-align-right .elementor-divider__element{margin-right:0}.elementor-widget-divider--element-align-start .elementor-divider .elementor-divider-separator>.elementor-divider__svg:first-of-type{flex-grow:0;flex-shrink:100}.elementor-widget-divider--element-align-start .elementor-divider-separator:before{content:none}.elementor-widget-divider--element-align-start .elementor-divider__element{margin-inline-start:0}.elementor-widget-divider--element-align-end .elementor-divider .elementor-divider-separator>.elementor-divider__svg:last-of-type{flex-grow:0;flex-shrink:100}.elementor-widget-divider--element-align-end .elementor-divider-separator:after{content:none}.elementor-widget-divider--element-align-end .elementor-divider__element{margin-inline-end:0}.elementor-widget-divider:not(.elementor-widget-divider--view-line_text):not(.elementor-widget-divider--view-line_icon) .elementor-divider-separator{border-block-start:var(--divider-border-width) var(--divider-border-style) var(--divider-color)}.elementor-widget-divider--separator-type-pattern{--divider-border-style:none}.elementor-widget-divider--separator-type-pattern.elementor-widget-divider--view-line .elementor-divider-separator,.elementor-widget-divider--separator-type-pattern:not(.elementor-widget-divider--view-line) .elementor-divider-separator:after,.elementor-widget-divider--separator-type-pattern:not(.elementor-widget-divider--view-line) .elementor-divider-separator:before,.elementor-widget-divider--separator-type-pattern:not([class*=elementor-widget-divider--view]) .elementor-divider-separator{width:100%;min-height:var(--divider-pattern-height);-webkit-mask-size:var(--divider-pattern-size) 100%;mask-size:var(--divider-pattern-size) 100%;-webkit-mask-repeat:var(--divider-pattern-repeat);mask-repeat:var(--divider-pattern-repeat);background-color:var(--divider-color);-webkit-mask-image:var(--divider-pattern-url);mask-image:var(--divider-pattern-url)}.elementor-widget-divider--no-spacing{--divider-pattern-size:auto}.elementor-widget-divider--bg-round{--divider-pattern-repeat:round}.rtl .elementor-widget-divider .elementor-divider__text{direction:rtl}.e-con-inner>.elementor-widget-divider,.e-con>.elementor-widget-divider{width:var(--container-widget-width,100%);--flex-grow:var(--container-widget-flex-grow)}<\/style>\t\t<div class=\"elementor-divider\">\n\t\t\t<span class=\"elementor-divider-separator\">\n\t\t\t\t\t\t<\/span>\n\t\t<\/div>\n\t\t\t\t<\/div>\n\t\t\t\t<\/div>\n\t\t\t\t<div class=\"elementor-element elementor-element-2236759 elementor-widget elementor-widget-text-editor\" data-id=\"2236759\" data-element_type=\"widget\" data-widget_type=\"text-editor.default\">\n\t\t\t\t<div class=\"elementor-widget-container\">\n\t\t\t<style>\/*! elementor - v3.21.0 - 08-05-2024 *\/\n.elementor-widget-text-editor.elementor-drop-cap-view-stacked .elementor-drop-cap{background-color:#69727d;color:#fff}.elementor-widget-text-editor.elementor-drop-cap-view-framed .elementor-drop-cap{color:#69727d;border:3px solid;background-color:transparent}.elementor-widget-text-editor:not(.elementor-drop-cap-view-default) .elementor-drop-cap{margin-top:8px}.elementor-widget-text-editor:not(.elementor-drop-cap-view-default) .elementor-drop-cap-letter{width:1em;height:1em}.elementor-widget-text-editor .elementor-drop-cap{float:left;text-align:center;line-height:1;font-size:50px}.elementor-widget-text-editor .elementor-drop-cap-letter{display:inline-block}<\/style>\t\t\t\t<p style=\"text-align: justify;\"><br><\/p><p style=\"text-align: justify;\">Ma\u00eetre Siham BEKHTI COSNAY vous conseille et vous assiste en mati\u00e8re de droit du travail, devant le Conseil de Prud\u2019hommes et devant la Cour d\u2019Appel en pr\u00e9sence d\u2019un litige portant sur l\u2019ex\u00e9cution ou la rupture de votre contrat de travail.&nbsp;&nbsp;<\/p>\n<p style=\"text-align: justify;\">Ma\u00eetre Siham BEKHTI COSNAY intervient notamment :<\/p>\n<p style=\"text-align: justify;\">\u2013 En amont de tout contentieux en ce qu\u2019 une mission de conseil juridique est assur\u00e9e afin que le salari\u00e9 soit inform\u00e9 de ses droits au sein de l\u2019entreprise<\/p>\n<p style=\"text-align: justify;\"><strong>\u2013<\/strong> Au stade de l\u2019ex\u00e9cution du contrat de travail, en pr\u00e9sence d\u2019un probl\u00e8me relatif notamment \u00e0 l\u2019irr\u00e9gularit\u00e9 du contrat de travail, au non-paiement du salaire, d\u2019une discrimination, d\u2019un non-respect de la dur\u00e9e l\u00e9gale du travail ou du repos hebdomadaire, d\u2019un travail dissimul\u00e9.<\/p>\n<p style=\"text-align: justify;\"><strong>\u2013<\/strong> Lors de la phase de n\u00e9gociation, transaction ou rupture conventionnelle.<\/p>\n<p style=\"text-align: justify;\"><strong>\u2013<\/strong> En cas de maladie professionnelle ou d\u2019accident du travail.<\/p>\n<p style=\"text-align: justify;\"><strong>\u2013<\/strong> Au moment de la fin du contrat de travail, en pr\u00e9sence d\u2019une d\u00e9mission ou d\u2019un licenciement (pour motif personnel, disciplinaire ou \u00e9conomique).<\/p>\t\t\t\t\t\t<\/div>\n\t\t\t\t<\/div>\n\t\t\t\t<\/div>\n\t\t\t\t\t<\/div>\n\t\t\t\t<\/div>\n\t\t\t\t<\/div>\n\t\t","protected":false},"excerpt":{"rendered":"<p>Droit du Travail Ma\u00eetre Siham BEKHTI COSNAY vous conseille et vous assiste en mati\u00e8re de droit du travail, devant le Conseil de Prud\u2019hommes et devant la Cour d\u2019Appel en pr\u00e9sence d\u2019un litige portant sur l\u2019ex\u00e9cution ou la rupture de votre contrat de travail.&nbsp;&nbsp; Ma\u00eetre Siham BEKHTI COSNAY intervient notamment : \u2013 En amont de tout [&hellip;]<\/p>\n","protected":false},"author":1,"featured_media":0,"parent":0,"menu_order":0,"comment_status":"closed","ping_status":"closed","template":"elementor_header_footer","meta":{"footnotes":""},"class_list":["post-500","page","type-page","status-publish","hentry"],"_links":{"self":[{"href":"https:\/\/sihambekhti-avocat.com\/index.php\/wp-json\/wp\/v2\/pages\/500","targetHints":{"allow":["GET"]}}],"collection":[{"href":"https:\/\/sihambekhti-avocat.com\/index.php\/wp-json\/wp\/v2\/pages"}],"about":[{"href":"https:\/\/sihambekhti-avocat.com\/index.php\/wp-json\/wp\/v2\/types\/page"}],"author":[{"embeddable":true,"href":"https:\/\/sihambekhti-avocat.com\/index.php\/wp-json\/wp\/v2\/users\/1"}],"replies":[{"embeddable":true,"href":"https:\/\/sihambekhti-avocat.com\/index.php\/wp-json\/wp\/v2\/comments?post=500"}],"version-history":[{"count":73,"href":"https:\/\/sihambekhti-avocat.com\/index.php\/wp-json\/wp\/v2\/pages\/500\/revisions"}],"predecessor-version":[{"id":911,"href":"https:\/\/sihambekhti-avocat.com\/index.php\/wp-json\/wp\/v2\/pages\/500\/revisions\/911"}],"wp:attachment":[{"href":"https:\/\/sihambekhti-avocat.com\/index.php\/wp-json\/wp\/v2\/media?parent=500"}],"curies":[{"name":"wp","href":"https:\/\/api.w.org\/{rel}","templated":true}]}}